35. Let v(m) = 59*m - 61*m - 7 - 1. What is the units digit of v(c)?
6
Let z = 0 - -48. Suppose 95 = 5*t - 2*m, 3*t - 4*m - z = -m. What is the units digit of t?
1
What is the units digit of (15/20)/((-2)/(-24))?
9
Suppose 3*n - 47 = 100. What is the units digit of n?
9
Let t = -5 - -37. Let n = -21 + t. What is the units digit of n?
1
Let j(r) = r**2 - 3*r - 8. Let y(v) = -v**2 + 8*v - 5. Let m be y(6). What is the units digit of j(m)?
0
Let f(o) = -o**3 - 8*o**2 + 21*o - 6. What is the tens digit of f(-11)?
2
Let b = 14 + -9. Let g = b + -1. Suppose 3*d + d = -y + 11, g*d - 25 = -3*y. What is the units digit of y?
7
Let z = 31 + -15. What is the units digit of 41/4 - 4/z?
0
Suppose 5*d + 5*t = 890, 3*d - 2*t - 526 = -3*t. Suppose -2*l = l - d. Suppose 2 = 5*v - l. What is the units digit of v?
2
Let c be (-32)/2*(-57)/76. Let p be 1/(-3)*(0 + -87). Suppose -h + 2*b = 5*b - c, 3*h = -2*b + p. What is the units digit of h?
9
Let s be ((-3)/6)/(1/(-16)). Let g(v) = v + 1. What is the units digit of g(s)?
9
Let r(w) be the second derivative of w**5/20 - 2*w**4/3 + 5*w**3/6 + 5*w**2 - w. Let z be r(7). Let k = z - -10. What is the units digit of k?
6
Let w be 2585/33 - (-1)/(-3). Let y = w + -55. What is the tens digit of y?
2
Let b = 10 - 7. Suppose -6*h - 3*g = -b*h - 69, h - 4*g - 13 = 0. What is the units digit of h?
1
Suppose u - 5 = -1. What is the tens digit of 212/18 + u/18?
1
Let a(w) be the third derivative of w**7/840 + w**6/180 - w**4/24 - 2*w**3/3 - w**2. Let v(q) be the first derivative of a(q). What is the units digit of v(2)?
5
Let w = -14 - -12. What is the units digit of w/(-1)*(-10)/(-1)?
0
Suppose -3*b = p, 4*p - 3*b = 6*p - 6. Let g be p/15 - 4/10. Suppose g = -0*d + 4*d - 36. What is the units digit of d?
9
Let c = 115 - 75. What is the tens digit of c?
4
Let t = 311 + -183. What is the hundreds digit of t?
1
Suppose 7*i = 5*i + 10. Suppose -k + 21 = 4*x, i*x + 0*x = -k + 21. What is the units digit of k?
1
Let d = 27 - 20. What is the units digit of d?
7
Let m be (15 + 0)/((-9)/(-6)). Suppose -3*t = 4*x - 0*t - 31, 2*x - 11 = -3*t. What is the units digit of 58/m + 2/x?
6
Let d be ((-133)/14)/(1/(-2)). Let z = d + -6. What is the units digit of z?
3
Suppose 3*y + p - 33 = 0, -6*p = 5*y - 2*p - 62. Suppose -m + y = m. What is the units digit of m?
5
Let a(k) be the second derivative of -2*k - 1/20*k**5 + 4*k**2 + 7/6*k**3 + 0 - 1/2*k**4. What is the units digit of a(-7)?
8
Suppose -6*r + 128 = -2*r. What is the units digit of r?
2
Let o(q) = q**3 + 5*q**2 + 2*q - 3. Let g be o(-4). Let z(j) = j + 0*j + j - 2. What is the units digit of z(g)?
8
Let m = -2 - 4. Let d(p) = -2*p - 4. What is the units digit of d(m)?
8
Let n = 42 + -19. What is the tens digit of n?
2
What is the units digit of 9/(54/4)*9?
6
Let d(s) = s + 18. What is the tens digit of d(9)?
2
Suppose 0 = 3*u - 7*u + 8. Suppose 2*k + 3*k = 4*q + 50, u*q = -3*k + 52. What is the tens digit of k?
1
Let n = -172 - -257. What is the tens digit of n?
8
Let z = 35 + 69. What is the hundreds digit of z?
1
Suppose 5*i + 42 + 16 = -2*f, i + 9 = -3*f. What is the units digit of ((-15)/(-10))/((-1)/i)?
8
Let h = -50 - -70. What is the units digit of h?
0
Let a = -33 - -67. What is the tens digit of a?
3
Suppose 2*f - 6 - 4 = 0. Suppose -7 = -2*r - f*w + 19, -5*w = -2*r - 14. Suppose -s - 14 = d + 4*s, -d = -r*s - 10. What is the units digit of d?
1
Suppose -6*k - c = -3*k - 25, 60 = 5*k - 2*c. What is the units digit of k?
0
Let a(t) = -71*t - 15. What is the hundreds digit of a(-2)?
1
Let g = -7 + 11. Suppose g*u - 28 = 4*x, -4*x = 2*u - 3*x - 14. Let k = u + -6. What is the units digit of k?
1
Let q(b) = b + 16. What is the units digit of q(-11)?
5
Let t(k) = -k**3 - 6*k**2 + k + 1. Let w be t(-6). Let p(u) = -u - 3. Let d be p(w). Suppose 8 = -d*v - l + 31, l = 1. What is the units digit of v?
1
Suppose -15 = 3*k, p + p - 65 = k. Suppose p = 2*z - 0*z. Let i = z - 9. What is the units digit of i?
6
Let z(i) = -3*i**3. Let j(n) = n**3 - n**2 - 5*n + 2. Let f be j(3). Suppose -4*c = -f*u + 3, 4*u - 2*u = c. What is the units digit of z(u)?
3
Suppose 3*i + 5*t = 412, -3*t = -5*i + 934 - 304. What is the tens digit of i?
2
Let b = 6 - 3. Suppose -2*x + b*y = y - 2, -1 = x - 2*y. What is the units digit of x?
3
Suppose -3*j + j = -56. What is the tens digit of j?
2
Suppose -10 = 3*t - 31. Suppose 2*m - 35 = -t. What is the units digit of m?
4
Let z = 15 + -11. Suppose -z*t = -8*t + 40. What is the tens digit of t?
1
Suppose f - 4*f = 5*i + 60, -3*i + 59 = -2*f. What is the units digit of ((-16)/10)/(5/f)?
8
Let l be 6*(-1)/(3 + -4). Let w = -9 + l. What is the tens digit of (2/(-4))/(w/78)?
1
What is the units digit of -1 - ((-96)/(-3))/(-1)?
1
Suppose 4 + 1 = -5*i, 5*i = -4*h + 15. Suppose -3*k = -h*k + 24. What is the units digit of k?
2
Suppose 5*n = -2*x + 7 + 11, 4*x + 2*n - 4 = 0. Let a(c) = c**3 - 3*c**2 - c + 1. Let l be a(3). What is the units digit of x*1 - (l + -3)?
4
Suppose 2*a + a = 12, l = a - 32. What is the units digit of (-1 + 0)/(4/l)?
7
Suppose -y + 126 = y. Let h = -44 + y. What is the tens digit of h?
1
Let k = 5 + 4. Let d(p) = -3*p - 11. Let o be d(k). Let b = -27 - o. What is the units digit of b?
1
Let j(p) = 8*p**2 - 4*p + 1. What is the tens digit of j(4)?
1
Let o(r) = 3*r**2 - r - 1. What is the units digit of o(1)?
1
Let k(d) = d**2 - 11*d + 1. Let j be k(11). Let s(c) = 2*c - 2*c + c**2. What is the units digit of s(j)?
1
Let g = 91 - 25. What is the tens digit of g?
6
What is the tens digit of 9*-1*-3 - 1?
2
Suppose 5*k = 6*k - 4. What is the units digit of k?
4
Suppose -x + 4*t - 102 = -2*x, 0 = -x - 5*t + 103. What is the tens digit of x?
9
Let l be (0 - 0 - 0) + 7. Suppose -3 = 2*u - l. What is the units digit of u?
2
Let p(a) be the third derivative of 1/60*a**5 + 0*a + 0 + 7/6*a**3 + 1/4*a**4 - 2*a**2. What is the units digit of p(-5)?
2
Let j be (-6)/10 - 944/(-40). Suppose 5*r - j = 4*r. What is the tens digit of r?
2
Let k = 27 - -43. What is the tens digit of k?
7
Let l be 2/(-4) + (-14)/(-4). Suppose 0 = -5*h - l*o - 2, 5*h - 5*o = -0*h - 10. Let d = h + 3. What is the units digit of d?
2
Let c = 2 - -2. Let g be (-12)/c - 2/(-1). Let l = g - -11. What is the tens digit of l?
1
Let d be ((-56)/2)/(8/12). Let c = 82 + d. What is the units digit of c?
0
Suppose 4*g - 24 = -0*g. Suppose -2*p - g = -4*h + 10, h + 3*p = 11. Suppose -m + a - h = -a, m + 3*a = 15. What is the units digit of m?
3
Let q(w) = 9*w - 15. What is the units digit of q(5)?
0
Let u(o) = -o + 28. What is the tens digit of u(-6)?
3
Let p(u) = -3*u**3 + 3*u**2 + 5*u - 7. Let g be p(-5). Suppose 6*o + 124 - g = 0. What is the tens digit of o?
4
Let o = 5 - 12. Let v(s) = -s - 3. What is the units digit of v(o)?
4
Let x be (-33)/(-6) - (-1)/(-2). Suppose 2*w + 4*c = 10, -w - 3 = x*c - 8. What is the units digit of w?
5
Let h(g) = 15*g**2 - g - 4. Let f(w) = -14*w**2 + w + 5. Let v(o) = 4*f(o) + 5*h(o). What is the units digit of v(1)?
8
Let z(u) = 5*u**2 - 5*u + 3. Let h(c) = 2*c - 9. Let g be h(6). What is the units digit of z(g)?
3
Let x = -95 - -99. What is the units digit of x?
4
Let j be (18/15)/((-9)/(-150)). Suppose 10*y = 5*y + j. What is the units digit of y?
4
Suppose 5*r = -3*o + 133, o - 3*o + 3*r + 95 = 0. What is the units digit of o?
6
Suppose 179 = 2*b - 5. What is the tens digit of b?
9
Suppose -5*u + 4*m + 42 = 0, -15 + 59 = 4*u + 2*m. Let f(l) = -8 + l**3 + 0 + 2*l**2 - 13*l**2 + u*l + 2*l. What is the tens digit of f(10)?
1
Suppose 80 = 5*r - 5*f, r - 20 = f - 2*f. Let s = r - 8. What is the units digit of s?
0
Let t = 232 + -128. What is the units digit of t?
4
What is the tens digit of (2/(-4) + -1)*92/(-6)?
2
Let x(z) = 17*z - 23. What is the tens digit of x(7)?
9
Suppose -q + 4 = 3. Let z be -1 + q + (-1 - -2). Let r = z + 0. What is the units digit of r?
1
Suppose 3*h + 11 = y, 3*h + 3 + 3 = 0. Suppose 3*f - y*k + 4 = -0, 2*k = 3*f - 2. Suppose 3*o - 5 + f = 0. What is the units digit of o?
1
Suppose -2*h - 4*r + 354 = 0, 2*h - 354 = 2*r - 12. What is the units digit of h?
3
Let a(c) = c**3 - 6*c**2 - 7*c + 6. Let r be a(7). Suppose u = 4*l - l - 9, 13 = l + 3*u. Let i = l + r. What is the tens digit of i?
1
Let s = -163 + 236. What is the uni